{"id":1524,"date":"2018-09-11T15:11:19","date_gmt":"2018-09-11T13:11:19","guid":{"rendered":"http:\/\/www.istitutomariausiliatrice.it\/infanzia\/?page_id=1524"},"modified":"2025-10-14T15:08:36","modified_gmt":"2025-10-14T13:08:36","slug":"mensa","status":"publish","type":"page","link":"https:\/\/istitutomariausiliatrice.it\/infanzia\/mensa\/","title":{"rendered":"MENSA"},"content":{"rendered":"<p>La mensa della nostra scuola \u00e8 <strong>interna<\/strong> ed \u00e8 organizzata secondo la <strong>stagionalit\u00e0<\/strong> dei cibi. Viene personalizzata in caso di <strong>intolleranze alimentari certificate<\/strong>. Forse lo troverete banale&#8230;ma \u00e8 abbondante, buona, con prodotti freschi e genuini! Facciamo pranzo in aula insieme alla nostra maestra che ci aiuta, se ne abbiamo necessit\u00e0. Cerchiamo di non sprecare e spesso ascoltiamo un po&#8217; di musica per rendere anche questo momento della giornata allegro e bello da vivere insieme. Buon appetito!<\/p>\r\n<p><a href=\"https:\/\/drive.google.com\/file\/d\/1_DaoVrzEUIL0fXm9Osoww9ZAdHgbQIyD\/view?usp=sharing\"><strong>Men\u00f9 primavera estate\u00a0<\/strong><\/a><\/p>\r\n<p><a href=\"https:\/\/drive.google.com\/file\/d\/1XkV-IGn9pHOQbv4otD91X9T0VjWwwvOw\/view?usp=sharing\"><strong>Men\u00f9 autunno inverno<\/strong><\/a><\/p>\r\n\r\n<figure class=\"wp-block-image size-large\"><a href=\"https:\/\/istitutomariausiliatrice.it\/wp-content\/uploads\/sites\/2\/mensa.png\"><img loading=\"lazy\" decoding=\"async\" width=\"1024\" height=\"803\" class=\"wp-image-1774\" src=\"https:\/\/istitutomariausiliatrice.it\/wp-content\/uploads\/sites\/2\/mensa-1024x803.png\" alt=\"\" srcset=\"https:\/\/istitutomariausiliatrice.it\/infanzia\/files\/mensa-1024x803.png 1024w, https:\/\/istitutomariausiliatrice.it\/infanzia\/files\/mensa-300x235.png 300w, https:\/\/istitutomariausiliatrice.it\/infanzia\/files\/mensa-768x602.png 768w, https:\/\/istitutomariausiliatrice.it\/infanzia\/files\/mensa-255x200.png 255w, https:\/\/istitutomariausiliatrice.it\/infanzia\/files\/mensa.png 1098w\" sizes=\"auto, (max-width: 1024px) 100vw, 1024px\" \/><\/a><\/figure>\r\n","protected":false},"excerpt":{"rendered":"<p>La mensa della nostra scuola \u00e8 interna ed \u00e8 organizzata secondo la stagionalit\u00e0 dei cibi. Viene personalizzata in caso di &hellip;<\/p>\n","protected":false},"author":1,"featured_media":0,"parent":0,"menu_order":0,"comment_status":"closed","ping_status":"closed","template":"","meta":{"vkexunit_cta_each_option":"","footnotes":""},"class_list":["post-1524","page","type-page","status-publish","hentry"],"_links":{"self":[{"href":"https:\/\/istitutomariausiliatrice.it\/infanzia\/wp-json\/wp\/v2\/pages\/1524","targetHints":{"allow":["GET"]}}],"collection":[{"href":"https:\/\/istitutomariausiliatrice.it\/infanzia\/wp-json\/wp\/v2\/pages"}],"about":[{"href":"https:\/\/istitutomariausiliatrice.it\/infanzia\/wp-json\/wp\/v2\/types\/page"}],"author":[{"embeddable":true,"href":"https:\/\/istitutomariausiliatrice.it\/infanzia\/wp-json\/wp\/v2\/users\/1"}],"replies":[{"embeddable":true,"href":"https:\/\/istitutomariausiliatrice.it\/infanzia\/wp-json\/wp\/v2\/comments?post=1524"}],"version-history":[{"count":17,"href":"https:\/\/istitutomariausiliatrice.it\/infanzia\/wp-json\/wp\/v2\/pages\/1524\/revisions"}],"predecessor-version":[{"id":2495,"href":"https:\/\/istitutomariausiliatrice.it\/infanzia\/wp-json\/wp\/v2\/pages\/1524\/revisions\/2495"}],"wp:attachment":[{"href":"https:\/\/istitutomariausiliatrice.it\/infanzia\/wp-json\/wp\/v2\/media?parent=1524"}],"curies":[{"name":"wp","href":"https:\/\/api.w.org\/{rel}","templated":true}]}}

<p>La mensa della nostra scuola è <strong>interna</strong> ed è organizzata secondo la <strong>stagionalità</strong> dei cibi. Viene personalizzata in caso di <strong>intolleranze alimentari certificate</strong>. Forse lo troverete banale&#8230;ma è abbondante, buona, con prodotti freschi e genuini! Facciamo pranzo in aula insieme alla nostra maestra che ci aiuta, se ne abbiamo necessità. Cerchiamo di non sprecare e spesso ascoltiamo un po&#8217; di musica per rendere anche questo momento della giornata allegro e bello da vivere insieme. Buon appetito!</p>
<p><a href="https://drive.google.com/file/d/1_DaoVrzEUIL0fXm9Osoww9ZAdHgbQIyD/view?usp=sharing"><strong>Menù primavera estate </strong></a></p>
<p><a href="https://drive.google.com/file/d/1XkV-IGn9pHOQbv4otD91X9T0VjWwwvOw/view?usp=sharing"><strong>Menù autunno inverno</strong></a></p>

<figure class="wp-block-image size-large"><a href="https://istitutomariausiliatrice.it/wp-content/uploads/sites/2/mensa.png"><img loading="lazy" decoding="async" width="1024" height="803" class="wp-image-1774" src="https://istitutomariausiliatrice.it/wp-content/uploads/sites/2/mensa-1024x803.png" alt="" srcset="https://istitutomariausiliatrice.it/infanzia/files/mensa-1024x803.png 1024w, https://istitutomariausiliatrice.it/infanzia/files/mensa-300x235.png 300w, https://istitutomariausiliatrice.it/infanzia/files/mensa-768x602.png 768w, https://istitutomariausiliatrice.it/infanzia/files/mensa-255x200.png 255w, https://istitutomariausiliatrice.it/infanzia/files/mensa.png 1098w" sizes="auto, (max-width: 1024px) 100vw, 1024px" /></a></figure>

<p>La mensa della nostra scuola è interna ed è organizzata secondo la stagionalità dei cibi. Viene personalizzata in caso di &hellip;</p>
