{"id":6,"date":"2009-07-14T16:51:20","date_gmt":"2009-07-14T14:51:20","guid":{"rendered":"http:\/\/www.istitutomariausiliatrice.it\/liceo\/about\/"},"modified":"2020-10-04T23:11:20","modified_gmt":"2020-10-04T21:11:20","slug":"about","status":"publish","type":"page","link":"https:\/\/istitutomariausiliatrice.it\/liceo\/about\/","title":{"rendered":"Contattaci"},"content":{"rendered":"\n<h4 class=\"wp-block-heading\">ISTITUTO MARIA AUSILIATRICE<\/h4>\n\n\n\n<p>P.zza Maria Ausiliatrice, 27<br>10152 Torino<br>Tel. 011\/4365676<br>Fax 011\/4360441<\/p>\n\n\n\n<!--more-->\n\n\n\n<p id=\"block-9f92c541-d0eb-4f79-b6ff-390493574453\">STITUTO MARIA AUSILIATRICE delle SALESIANE DI DON BOSCO<br>Piazza Maria Ausiliatrice, 27 \u2013 10152 TORINO<\/p>\n\n\n\n<p id=\"block-e8f39037-e4c7-46c7-a24f-749f84415ceb\">Tel. 011\/4365676<br>Fax 011\/4360441<\/p>\n\n\n\n<p id=\"block-eef56278-a308-4582-912c-37abc55dcea8\">Se vuoi trovarci su Google Map <a rel=\"noreferrer noopener\" href=\"http:\/\/maps.google.it\/maps?f=q&amp;source=s_q&amp;hl=it&amp;q=Piazza+Maria+Ausiliatrice,+27,+10152+Torino+Torino,+Piemonte&amp;vps=2&amp;jsv=166d&amp;sll=45.698695,8.462571&amp;sspn=0.183677,0.41954&amp;ie=UTF8&amp;cd=3&amp;geocode=FczdrwIdKR11AA&amp;split=0&amp;latlng=4058161742207104061&amp;ei=Yf5gStvIAYyFsAbU0uSAAQ&amp;sig2=AWa6unO9V37Jg7t2ccsvbA\" target=\"_blank\">questo \u00e8 l&#8217;indirizzo<\/a><\/p>\n\n\n\n<figure class=\"wp-block-table\"><table><thead><tr><th>\ufeff<\/th><th>SEGRETERIA AMMINISTRATIVA &#8211; CINZIA<\/th><th>\ufeff<\/th><\/tr><\/thead><tbody><tr><td>mattino<\/td><td>pomeriggio<\/td><td>\ufeff<\/td><\/tr><tr><td>dal luned\u00ec al venerd\u00ec<br>dalle 8.00 alle 13.00<\/td><td>solo il marted\u00ec<br>dalle 14.30 alle 16.30<\/td><td>esclusivamente su appuntamento<br><a href=\"mailto:amministrazione@mauxtorino.com\">amministrazione@mauxtorino.com<\/a><br>011\/4365676<\/td><\/tr><tr><td>\ufeff<\/td><td>\ufeff<\/td><td>\ufeff<\/td><\/tr><\/tbody><\/table><\/figure>\n\n\n\n<figure class=\"wp-block-table\"><table><thead><tr><th>\ufeff<\/th><th>SEGRETERIA DIDATTICA &#8211; MARIA LAURA<\/th><th>\ufeff<\/th><\/tr><\/thead><tbody><tr><td>mattino<\/td><td>pomeriggio<\/td><td>\ufeff<\/td><\/tr><tr><td>dal luned\u00ec al venerd\u00ec<br>dalle 7.45 alle 11.30<\/td><td>&#8212;<\/td><td>esclusivamente su appuntamento<br><a href=\"mailto:segreteria.infanzia@mauxtorino.com\">segreteria.infanzia@mauxtorino.com<\/a><br>011\/4365676<\/td><\/tr><\/tbody><\/table><\/figure>\n\n\n\n<figure class=\"wp-block-table\"><table><thead><tr><th>\ufeff<\/th><th>SEGRETERIA DIDATTICA &#8211; ANTONELLA<\/th><th>\ufeff<\/th><\/tr><\/thead><tbody><tr><td>mattino<\/td><td>pomeriggio<\/td><td>\ufeff<\/td><\/tr><tr><td>dal luned\u00ec al venerd\u00ec<br>dalle 7.45 alle 11.30<\/td><td>solo il marted\u00ec<br>dalle 14.00 alle 15.00<\/td><td>esclusivamente su appuntamento<br>per la scuola primaria: <a rel=\"noreferrer noopener\" href=\"mailto:segreteria.primaria@mauxtorino.com\" target=\"_blank\">segreteria.primaria@mauxtorino.com<\/a><br>la scuola sec.I\u00b0 gr-media: <a rel=\"noreferrer noopener\" href=\"mailto:segreteria.media@mauxtorino.com\" target=\"_blank\">segreteria.media@mauxtorino.com<\/a><br>i licei: <a rel=\"noreferrer noopener\" href=\"mailto:segreteria.liceo@mauxtorino.com\" target=\"_blank\">segreteria.liceo@mauxtorino.com<\/a><br>011\/4365676<\/td><\/tr><\/tbody><\/table><\/figure>\n\n\n\n<h4 class=\"wp-block-heading\">PRESIDENZA<\/h4>\n\n\n\n<p>Il coordinatore delle attivit\u00e0 educative e didattiche riceve su appuntamento dal luned\u00ec al venerd\u00ec dalle h.9.00 alle 17.00<br>email: preside[at]mauxtorino.com<\/p>\n\n\n\n<h4 class=\"wp-block-heading\">DIREZIONE<\/h4>\n\n\n\n<p>Orari di ricevimento su appuntamento<\/p>\n\n\n\n<h4 class=\"wp-block-heading\">INFORMAZIONI<\/h4>\n\n\n\n<p>email: info.liceo[at]mauxtorino.com<\/p>\n","protected":false},"excerpt":{"rendered":"<p>ISTITUTO MARIA AUSILIATRICE P.zza Maria Ausiliatrice, 2710152 TorinoTel. 011\/4365676Fax 011\/4360441<\/p>\n","protected":false},"author":1,"featured_media":1591,"parent":0,"menu_order":3,"comment_status":"open","ping_status":"closed","template":"","meta":{"sns_share_botton_hide":"","vkExUnit_sns_title":"","_vk_print_noindex":"","sitemap_hide":"","vkExUnit_sitemap":"","_veu_custom_css":"","veu_display_promotion_alert":"","_exclude_from_list_pages":"","vkexunit_cta_each_option":"","vkExUnit_childPageIndex":"","vkExUnit_pageList_ancestor":"","vkExUnit_contact_enable":"","_lightning_design_setting":[],"footnotes":""},"class_list":["post-6","page","type-page","status-publish","has-post-thumbnail","hentry"],"veu_head_title_object":{"title":"","add_site_title":""},"_links":{"self":[{"href":"https:\/\/istitutomariausiliatrice.it\/liceo\/wp-json\/wp\/v2\/pages\/6","targetHints":{"allow":["GET"]}}],"collection":[{"href":"https:\/\/istitutomariausiliatrice.it\/liceo\/wp-json\/wp\/v2\/pages"}],"about":[{"href":"https:\/\/istitutomariausiliatrice.it\/liceo\/wp-json\/wp\/v2\/types\/page"}],"author":[{"embeddable":true,"href":"https:\/\/istitutomariausiliatrice.it\/liceo\/wp-json\/wp\/v2\/users\/1"}],"replies":[{"embeddable":true,"href":"https:\/\/istitutomariausiliatrice.it\/liceo\/wp-json\/wp\/v2\/comments?post=6"}],"version-history":[{"count":17,"href":"https:\/\/istitutomariausiliatrice.it\/liceo\/wp-json\/wp\/v2\/pages\/6\/revisions"}],"predecessor-version":[{"id":2375,"href":"https:\/\/istitutomariausiliatrice.it\/liceo\/wp-json\/wp\/v2\/pages\/6\/revisions\/2375"}],"wp:featuredmedia":[{"embeddable":true,"href":"https:\/\/istitutomariausiliatrice.it\/liceo\/wp-json\/wp\/v2\/media\/1591"}],"wp:attachment":[{"href":"https:\/\/istitutomariausiliatrice.it\/liceo\/wp-json\/wp\/v2\/media?parent=6"}],"curies":[{"name":"wp","href":"https:\/\/api.w.org\/{rel}","templated":true}]}}