{"id":2127,"date":"2016-10-11T11:12:59","date_gmt":"2016-10-11T09:12:59","guid":{"rendered":"http:\/\/www.istitutomariausiliatrice.it\/secondaria1grado\/?page_id=2127"},"modified":"2021-11-04T17:44:38","modified_gmt":"2021-11-04T16:44:38","slug":"gruppo-formativo","status":"publish","type":"page","link":"https:\/\/istitutomariausiliatrice.it\/secondaria1grado\/laboratori-extra\/gruppo-formativo\/","title":{"rendered":"Gruppo Formativo"},"content":{"rendered":"\n<div class=\"wp-block-image\"><figure class=\"alignright size-large is-resized\"><a href=\"https:\/\/istitutomariausiliatrice.it\/secondaria1grado\/files\/colle.jpeg\"><img loading=\"lazy\" decoding=\"async\" src=\"https:\/\/istitutomariausiliatrice.it\/secondaria1grado\/files\/colle-767x1024.jpeg\" alt=\"\" class=\"wp-image-2840\" width=\"325\" height=\"433\" srcset=\"https:\/\/istitutomariausiliatrice.it\/secondaria1grado\/files\/colle-767x1024.jpeg 767w, https:\/\/istitutomariausiliatrice.it\/secondaria1grado\/files\/colle-225x300.jpeg 225w, https:\/\/istitutomariausiliatrice.it\/secondaria1grado\/files\/colle-768x1025.jpeg 768w, https:\/\/istitutomariausiliatrice.it\/secondaria1grado\/files\/colle.jpeg 1124w\" sizes=\"auto, (max-width: 325px) 100vw, 325px\" \/><\/a><\/figure><\/div>\n\n\n\n<p><u>Giorno:<\/u><strong> VENERDI\u2019, <\/strong>dalle ore 16.30 alle ore 18.00<\/p>\n\n\n\n<p><u>Destinatari<\/u>: <strong>TUTTI <\/strong><\/p>\n\n\n\n<p><u>Numero incontri<\/u>: <strong>tutto l\u2019anno<\/strong><\/p>\n\n\n\n<p><u>Informazioni sul gruppo formativo<\/u>:&nbsp;&nbsp;&nbsp;&nbsp;&nbsp;&nbsp;&nbsp;&nbsp; Il gruppo formativo <strong>MGS<\/strong> <em>(Movimento Giovanile Salesiano)<\/em>ha lo scopo di dare ai ragazzi la possibilit\u00e0 di incontrarsi fra amici per riflettere su tematiche di attualit\u00e0, di servizio e di fede. Prevede incontri pi\u00f9 teorici (dialogo, confronto, tecniche di animazione,..) e altri pi\u00f9 \u201cpratici\u201d di servizio. \u00c8 gestito da animatori, ex allievi e da sr Monica. La partecipazione al Gruppo MGS da inoltre la possibilit\u00e0 di partecipare ai <strong>weekend <em>Savio Club<\/em><\/strong> a Colle Don Bosco &nbsp;e ad altre iniziative formative che verranno proposte nel corso dell\u2019anno.<\/p>\n\n\n\n<p><u>Costi:<\/u>&nbsp; <strong>il gruppo MGS non ha nessun costo.<\/strong><\/p>\n","protected":false},"excerpt":{"rendered":"<p>Giorno: VENERDI\u2019, dalle ore 16.30 alle ore 18.00 Destinatari: TUTTI Numero incontri: tutto l\u2019anno Informazioni sul gruppo formativo:&nbsp;&nbsp;&nbsp;&nbsp;&nbsp;&nbsp;&nbsp;&nbsp; Il gruppo formativo MGS (Movimento Giovanile Salesiano)ha lo scopo di dare ai ragazzi la possibilit\u00e0 di incontrarsi fra amici per riflettere su tematiche di attualit\u00e0, di servizio e di fede. Prevede incontri pi\u00f9 teorici (dialogo, confronto, tecniche [&hellip;]<\/p>\n","protected":false},"author":1,"featured_media":0,"parent":2141,"menu_order":8,"comment_status":"closed","ping_status":"closed","template":"","meta":{"vkexunit_cta_each_option":"","footnotes":""},"class_list":["post-2127","page","type-page","status-publish","hentry"],"_links":{"self":[{"href":"https:\/\/istitutomariausiliatrice.it\/secondaria1grado\/wp-json\/wp\/v2\/pages\/2127","targetHints":{"allow":["GET"]}}],"collection":[{"href":"https:\/\/istitutomariausiliatrice.it\/secondaria1grado\/wp-json\/wp\/v2\/pages"}],"about":[{"href":"https:\/\/istitutomariausiliatrice.it\/secondaria1grado\/wp-json\/wp\/v2\/types\/page"}],"author":[{"embeddable":true,"href":"https:\/\/istitutomariausiliatrice.it\/secondaria1grado\/wp-json\/wp\/v2\/users\/1"}],"replies":[{"embeddable":true,"href":"https:\/\/istitutomariausiliatrice.it\/secondaria1grado\/wp-json\/wp\/v2\/comments?post=2127"}],"version-history":[{"count":6,"href":"https:\/\/istitutomariausiliatrice.it\/secondaria1grado\/wp-json\/wp\/v2\/pages\/2127\/revisions"}],"predecessor-version":[{"id":2841,"href":"https:\/\/istitutomariausiliatrice.it\/secondaria1grado\/wp-json\/wp\/v2\/pages\/2127\/revisions\/2841"}],"up":[{"embeddable":true,"href":"https:\/\/istitutomariausiliatrice.it\/secondaria1grado\/wp-json\/wp\/v2\/pages\/2141"}],"wp:attachment":[{"href":"https:\/\/istitutomariausiliatrice.it\/secondaria1grado\/wp-json\/wp\/v2\/media?parent=2127"}],"curies":[{"name":"wp","href":"https:\/\/api.w.org\/{rel}","templated":true}]}}

<div class="wp-block-image"><figure class="alignright size-large is-resized"><a href="https://istitutomariausiliatrice.it/secondaria1grado/files/colle.jpeg"><img loading="lazy" decoding="async" src="https://istitutomariausiliatrice.it/secondaria1grado/files/colle-767x1024.jpeg" alt="" class="wp-image-2840" width="325" height="433" srcset="https://istitutomariausiliatrice.it/secondaria1grado/files/colle-767x1024.jpeg 767w, https://istitutomariausiliatrice.it/secondaria1grado/files/colle-225x300.jpeg 225w, https://istitutomariausiliatrice.it/secondaria1grado/files/colle-768x1025.jpeg 768w, https://istitutomariausiliatrice.it/secondaria1grado/files/colle.jpeg 1124w" sizes="auto, (max-width: 325px) 100vw, 325px" /></a></figure></div>



<p><u>Giorno:</u><strong> VENERDI’, </strong>dalle ore 16.30 alle ore 18.00</p>



<p><u>Destinatari</u>: <strong>TUTTI </strong></p>



<p><u>Numero incontri</u>: <strong>tutto l’anno</strong></p>



<p><u>Informazioni sul gruppo formativo</u>:&nbsp;&nbsp;&nbsp;&nbsp;&nbsp;&nbsp;&nbsp;&nbsp; Il gruppo formativo <strong>MGS</strong> <em>(Movimento Giovanile Salesiano)</em>ha lo scopo di dare ai ragazzi la possibilità di incontrarsi fra amici per riflettere su tematiche di attualità, di servizio e di fede. Prevede incontri più teorici (dialogo, confronto, tecniche di animazione,..) e altri più “pratici” di servizio. È gestito da animatori, ex allievi e da sr Monica. La partecipazione al Gruppo MGS da inoltre la possibilità di partecipare ai <strong>weekend <em>Savio Club</em></strong> a Colle Don Bosco &nbsp;e ad altre iniziative formative che verranno proposte nel corso dell’anno.</p>



<p><u>Costi:</u>&nbsp; <strong>il gruppo MGS non ha nessun costo.</strong></p>

<p>Giorno: VENERDI’, dalle ore 16.30 alle ore 18.00 Destinatari: TUTTI Numero incontri: tutto l’anno Informazioni sul gruppo formativo:&nbsp;&nbsp;&nbsp;&nbsp;&nbsp;&nbsp;&nbsp;&nbsp; Il gruppo formativo MGS (Movimento Giovanile Salesiano)ha lo scopo di dare ai ragazzi la possibilità di incontrarsi fra amici per riflettere su tematiche di attualità, di servizio e di fede. Prevede incontri più teorici (dialogo, confronto, tecniche [&hellip;]</p>
